.
61
What is the remainder when 10791404 is divided by 10518?
10454
Calculate the remainder when 9046706 is divided by 411212.
42
Calculate the remainder when 1429314 is divided by 1256.
1242
What is the remainder when 6930898 is divided by 60?
58
Calculate the remainder when 5161748 is divided by 397054.
46
Calculate the remainder when 496147 is divided by 248039.
69
Calculate the remainder when 17743589 is divided by 1603.
1585
What is the remainder when 563670 is divided by 43359?
3
Calculate the remainder when 8837172 is divided by 2945723.
3
Calculate the remainder when 238485 is divided by 119223.
39
Calculate the remainder when 4390821 is divided by 1097705.
1
What is the remainder when 150555838 is divided by 1137?
1120
What is the remainder when 2614819 is divided by 3812?
3599
Calculate the remainder when 7664392 is divided by 155.
107
Calculate the remainder when 14272252 is divided by 5619.
5611
What is the remainder when 28272858 is divided by 4038979?
5
What is the remainder when 38415 is divided by 18038?
2339
What is the remainder when 29287106 is divided by 27?
17
What is the remainder when 4749670 is divided by 165?
145
Calculate the remainder when 11298589 is divided by 887.
870
What is the remainder when 285157 is divided by 130?
67
Calculate the remainder when 6052 is divided by 745.
92
Calculate the remainder when 672240 is divided by 48.
0
What is the remainder when 3587156 is divided by 4456?
76
What is the remainder when 2008375 is divided by 669330?
385
What is the remainder when 217903 is divided by 1545?
58
What is the remainder when 48871909 is divided by 2763?
2728
What is the remainder when 8954838 is divided by 21321?
18
What is the remainder when 64019 is divided by 231?
32
Calculate the remainder when 5787198 is divided by 456.
102
What is the remainder when 1554954 is divided by 25079?
56
Calculate the remainder when 14666150 is divided by 433.
7
Calculate the remainder when 3219068 is divided by 1992.
1988
What is the remainder when 3377790 is divided by 22?
20
Calculate the remainder when 10170683 is divided by 484318.
5
What is the remainder when 1011279 is divided by 72162?
1011
Calculate the remainder when 64520 is divided by 2232.
2024
What is the remainder when 6334444 is divided by 18?
10
What is the remainder when 277656769 is divided by 59?
55
What is the remainder when 882160 is divided by 126006?
118
What is the remainder when 6226628 is divided by 8?
4
Calculate the remainder when 772371 is divided by 51371.
1806
Calculate the remainder when 216844 is divided by 216263.
581
What is the remainder when 30756048 is divided by 19?
7
Calculate the remainder when 18846519 is divided by 29.
28
What is the remainder when 161370 is divided by 21?
6
What is the remainder when 135730918 is divided by 2171?
2169
Calculate the remainder when 13489627 is divided by 39.
34
Calculate the remainder when 5388115 is divided by 166.
87
Calculate the remainder when 19683 is divided by 2199.
2091
What is the remainder when 1206070 is divided by 5856?
5590
Calculate the remainder when 484262 is divided by 8349.
20
What is the remainder when 949162 is divided by 926?
12
Calculate the remainder when 5267 is divided by 2326.
615
What is the remainder when 18006 is divided by 346?
14
Calculate the remainder when 255277 is divided by 179.
23
What is the remainder when 2192713 is divided by 156621?
19
What is the remainder when 301541803 is divided by 4?
3
Calculate the remainder when 19889 is divided by 92.
17
What is the remainder when 2459262 is divided by 490?
442
What is the remainder when 16089784 is divided by 30?
4
What is the remainder when 114619989 is divided by 6504?
6501
Calculate the remainder when 300059 is divided by 4168.
4131
What is the remainder when 183842 is divided by 84?
50
What is the remainder when 201503 is divided by 1492?
83
Calculate the remainder when 516607164 is divided by 122.
116
What is the remainder when 3026463 is divided by 302639?
73
What is the remainder when 950824 is divided by 284?
276
Calculate the remainder when 18189 is divided by 18121.
68
Calculate the remainder when 23393594 is divided by 292.
14
Calculate the remainder when 79038195 is divided by 127.
126
Calculate the remainder when 3471155 is divided by 1157050.
5
Calculate the remainder when 5998483 is divided by 62484.
19
Calculate the remainder when 103143 is divided by 20065.
2818
Calculate the remainder when 976812 is divided by 22.
12
Calculate the remainder when 1132317 is divided by 565679.
959
What is the remainder when 6201329 is divided by 3100632?
65
Calculate the remainder when 2764731 is divided by 2460.
2151
Calculate the remainder when 429763 is divided by 270.
193
What is the remainder when 509628 is divided by 491?
461
Calculate the remainder when 690593 is divided by 278.
41
Calculate the remainder when 936945 is divided by 11.
9
What is the remainder when 3539172 is divided by 353914?
32
Calculate the remainder when 4201882 is divided by 199.
196
What is the remainder when 297990788 is divided by 2376?
2372
Calculate the remainder when 1053622 is divided by 131630.
582
What is the remainder when 896240 is divided by 149365?
50
Calculate the remainder when 4301803 is divided by 716966.
7
Calculate the remainder when 119239 is divided by 5839.
2459
Calculate the remainder when 590688080 is divided by 8031.
8030
What is the remainder when 33415 is divided by 1520?
1495
What is the remainder when 226005709 is divided by 1782?
1777
Calculate the remainder when 21261 is divided by 2561.
773
Calculate the remainder when 27647034 is divided by 2303919.
6
Calculate the remainder when 65583536 is divided by 10387.
18
What is the remainder when 1014810 is divided by 144969?
27
What is the remainder when 7250128 is divided by 195949?
15
Calculate the remainder when 12019 is divided by 422.
203
What is the remainder when 160929910 is divided by 2777?
2760
Calculate the remainder when 127655 is divided by 30638.
5103
What is the remainder when 5213893 is divided by 82?
5
Calculate the remainder when 34124133 is divided by 66.
21
Calculate the remainder when 44800 is divided by 44747.
53
What is the remainder when 461632 is divided by 46151?
122
What is the remainder when 2155131 is divided by 118?
97
What is the remainder when 10906093 is divided by 2677?
2672
What is the remainder when 248412 is divided by 123724?
964
What is the remainder when 420489727 is divided by 33?
31
Calculate the remainder when 4415582 is divided by 767.
730
What is the remainder when 17234576 is divided by 506899?
10
What is the remainder when 13186377 is divided by 129?
126
Calculate the remainder when 2176314165 is divided by 168.
165
What is the remainder when 193594 is divided by 2203?
1933
Calculate the remainder when 2054 is divided by 291.
17
What is the remainder when 109846 is divided by 199?
197
Calculate the remainder when 1216392 is divided by 1216374.
18
Calculate the remainder when 79671 is divided by 243.
210
Calculate the remainder when 4020 is divided by 1770.
480
Calculate the remainder when 227864 is divided by 28375.
864
Calculate the remainder when 1016598 is divided by 507571.
1456
What is the remainder when 36710749 is divided by 10731?
10729
What is the remainder when 721129 is divided by 13?
6
What is the remainder when 620082 is divided by 11281?
10908
What is the remainder when 3965731223 is divided by 114?
113
What is the remainder when 35335635 is divided by 7067121?
30
What is the remainder when 60678766 is divided by 33?
16
What is the remainder when 2404121 is divided by 827?
32
What is the remainder when 55469231 is divided by 13?
12
Calculate the remainder when 15000970 is divided by 260.
10
Calculate the remainder when 251564 is divided by 2077.
247
Calculate the remainder when 17235 is divided by 15508.
1727
Calculate the remainder when 6974603 is divided by 15.
8
Calculate the remainder when 502471 is divided by 7613.
13
What is the remainder when 92361 is divided by 1709?
75
Calculate the remainder when 1308742 is divided by 59487.
28
What is the remainder when 84482 is divided by 6381?
1529
What is the remainder when 30571528 is divided by 33?
31
Calculate the remainder when 5474271 is divided by